{"id":1565,"date":"2020-11-08T12:47:42","date_gmt":"2020-11-08T11:47:42","guid":{"rendered":"https:\/\/www.leg-uelzen.de\/?page_id=1565"},"modified":"2020-11-08T12:49:43","modified_gmt":"2020-11-08T11:49:43","slug":"fundsachen","status":"publish","type":"page","link":"https:\/\/www.leg-uelzen.de\/?page_id=1565","title":{"rendered":"Fundsachen"},"content":{"rendered":"\t\t<div data-elementor-type=\"wp-page\" data-elementor-id=\"1565\" class=\"elementor elementor-1565\">\n\t\t\t\t\t\t<section class=\"elementor-section elementor-top-section elementor-element elementor-element-6798177 elementor-section-boxed elementor-section-height-default elementor-section-height-default\" data-id=\"6798177\" data-element_type=\"section\" data-e-type=\"section\">\n\t\t\t\t\t\t<div class=\"elementor-container elementor-column-gap-default\">\n\t\t\t\t\t<div class=\"elementor-column elementor-col-100 elementor-top-column elementor-element elementor-element-f6ac461\" data-id=\"f6ac461\" data-element_type=\"column\" data-e-type=\"column\">\n\t\t\t<div class=\"elementor-widget-wrap elementor-element-populated\">\n\t\t\t\t\t\t<div class=\"elementor-element elementor-element-e2a1aaf elementor-widget elementor-widget-heading\" data-id=\"e2a1aaf\" data-element_type=\"widget\" data-e-type=\"widget\" data-widget_type=\"heading.default\">\n\t\t\t\t<div class=\"elementor-widget-container\">\n\t\t\t\t\t<h2 class=\"elementor-heading-title elementor-size-default\">Fundsachen<\/h2>\t\t\t\t<\/div>\n\t\t\t\t<\/div>\n\t\t\t\t\t<\/div>\n\t\t<\/div>\n\t\t\t\t\t<\/div>\n\t\t<\/section>\n\t\t\t\t<section class=\"elementor-section elementor-top-section elementor-element elementor-element-5d3543c elementor-section-boxed elementor-section-height-default elementor-section-height-default\" data-id=\"5d3543c\" data-element_type=\"section\" data-e-type=\"section\">\n\t\t\t\t\t\t<div class=\"elementor-container elementor-column-gap-default\">\n\t\t\t\t\t<div class=\"elementor-column elementor-col-100 elementor-top-column elementor-element elementor-element-0866abf\" data-id=\"0866abf\" data-element_type=\"column\" data-e-type=\"column\">\n\t\t\t<div class=\"elementor-widget-wrap elementor-element-populated\">\n\t\t\t\t\t\t<div class=\"elementor-element elementor-element-d5eee0a elementor-widget elementor-widget-text-editor\" data-id=\"d5eee0a\" data-element_type=\"widget\" data-e-type=\"widget\" data-widget_type=\"text-editor.default\">\n\t\t\t\t<div class=\"elementor-widget-container\">\n\t\t\t\t\t\t\t\t\t<p>Sollten Ihre Kinder Kleidungsst\u00fccke u.a. w\u00e4hrend der Unterrichtszeit verloren haben oder vermissen, gibt es die M\u00f6glichkeit den verlorenen Gegenstand beim Hausmeister, der in der Regel in den gro\u00dfen Pausen in seiner Loge anzutreffen ist, nachzufragen.<\/p><p>Wir geben am Ende jeden Schuljahres sehr viele Kleidungsst\u00fccke in die Altkleidersammlung, weil Sch\u00fclerinnen und Sch\u00fcler vergessen, Herrn Dellner nach dem Verbleib zu fragen oder vor der Hausmeisterloge in dem Fundsachenlager nachzuschauen.<\/p>\t\t\t\t\t\t\t\t<\/div>\n\t\t\t\t<\/div>\n\t\t\t\t\t<\/div>\n\t\t<\/div>\n\t\t\t\t\t<\/div>\n\t\t<\/section>\n\t\t\t\t<\/div>\n\t\t","protected":false},"excerpt":{"rendered":"<p>Fundsachen Sollten Ihre Kinder Kleidungsst\u00fccke u.a. w\u00e4hrend der Unterrichtszeit verloren haben oder vermissen, gibt es die M\u00f6glichkeit den verlorenen Gegenstand beim Hausmeister, der in der Regel in den gro\u00dfen Pausen&hellip;<\/p>\n","protected":false},"author":1,"featured_media":0,"parent":0,"menu_order":0,"comment_status":"closed","ping_status":"closed","template":"","meta":{"footnotes":""},"class_list":["post-1565","page","type-page","status-publish","hentry"],"_links":{"self":[{"href":"https:\/\/www.leg-uelzen.de\/index.php?rest_route=\/wp\/v2\/pages\/1565","targetHints":{"allow":["GET"]}}],"collection":[{"href":"https:\/\/www.leg-uelzen.de\/index.php?rest_route=\/wp\/v2\/pages"}],"about":[{"href":"https:\/\/www.leg-uelzen.de\/index.php?rest_route=\/wp\/v2\/types\/page"}],"author":[{"embeddable":true,"href":"https:\/\/www.leg-uelzen.de\/index.php?rest_route=\/wp\/v2\/users\/1"}],"replies":[{"embeddable":true,"href":"https:\/\/www.leg-uelzen.de\/index.php?rest_route=%2Fwp%2Fv2%2Fcomments&post=1565"}],"version-history":[{"count":5,"href":"https:\/\/www.leg-uelzen.de\/index.php?rest_route=\/wp\/v2\/pages\/1565\/revisions"}],"predecessor-version":[{"id":1570,"href":"https:\/\/www.leg-uelzen.de\/index.php?rest_route=\/wp\/v2\/pages\/1565\/revisions\/1570"}],"wp:attachment":[{"href":"https:\/\/www.leg-uelzen.de\/index.php?rest_route=%2Fwp%2Fv2%2Fmedia&parent=1565"}],"curies":[{"name":"wp","href":"https:\/\/api.w.org\/{rel}","templated":true}]}}