{"id":4087,"date":"2022-05-09T10:01:58","date_gmt":"2022-05-09T08:01:58","guid":{"rendered":"https:\/\/www.leg-uelzen.de\/?page_id=4087"},"modified":"2026-03-13T10:27:20","modified_gmt":"2026-03-13T09:27:20","slug":"elementor-4087","status":"publish","type":"page","link":"https:\/\/www.leg-uelzen.de\/?page_id=4087","title":{"rendered":"Schulbibliothek"},"content":{"rendered":"\t\t<div data-elementor-type=\"wp-page\" data-elementor-id=\"4087\" class=\"elementor elementor-4087\">\n\t\t\t\t\t\t<section class=\"elementor-section elementor-top-section elementor-element elementor-element-a0e69fc elementor-section-boxed elementor-section-height-default elementor-section-height-default\" data-id=\"a0e69fc\" data-element_type=\"section\" data-e-type=\"section\">\n\t\t\t\t\t\t<div class=\"elementor-container elementor-column-gap-default\">\n\t\t\t\t\t<div class=\"elementor-column elementor-col-100 elementor-top-column elementor-element elementor-element-ded1b47\" data-id=\"ded1b47\" data-element_type=\"column\" data-e-type=\"column\">\n\t\t\t<div class=\"elementor-widget-wrap elementor-element-populated\">\n\t\t\t\t\t\t<div class=\"elementor-element elementor-element-2a03b3e elementor-widget elementor-widget-heading\" data-id=\"2a03b3e\" data-element_type=\"widget\" data-e-type=\"widget\" data-widget_type=\"heading.default\">\n\t\t\t\t<div class=\"elementor-widget-container\">\n\t\t\t\t\t<h2 class=\"elementor-heading-title elementor-size-default\">Schulbibliothek im Lessing-Gymnasium<\/h2>\t\t\t\t<\/div>\n\t\t\t\t<\/div>\n\t\t\t\t<div class=\"elementor-element elementor-element-1d59887 elementor-widget elementor-widget-text-editor\" data-id=\"1d59887\" data-element_type=\"widget\" data-e-type=\"widget\" data-widget_type=\"text-editor.default\">\n\t\t\t\t<div class=\"elementor-widget-container\">\n\t\t\t\t\t\t\t\t\t<p>Die Schulbibliothek des Lessing-Gymnasiums liegt zentral im Erdgeschoss (R\u00e4ume E 04 bis E 07).<\/p><p><span style=\"text-decoration: underline;\"><strong>\u00d6ffnungszeiten:<\/strong><\/span><strong> Montag, Dienstag und Freitag \u00a07.30 \u2013 13.30 Uhr; Mittwoch und Donnerstag 8.00 \u2013 14.00 Uhr<\/strong><\/p><p>Die Schulbibliothek des Lessing-Gymnasiums ist eine Zweigstelle des B\u00fcchebus e.V. Uelzen und wird durch ihn auch bibliothekarisch betreut. Sie besitzt einen Bestand von ca. 13.000 Medieneinheiten, die zum gr\u00f6\u00dften Teil frei zug\u00e4nglich sind. Dabei handelt es sich um B\u00fccher, Zeitschriften, CDs und DVDs. Der gesamte Bestand kann \u00fcber das Internet recherchiert werden. <a href=\"https:\/\/www.buecherbus-uelzen.de\/nc\/webkatalog.html\"><span style=\"text-decoration: underline;\"><strong><span style=\"color: #000000; text-decoration: underline;\">https:\/\/www.buecherbus-uelzen.de\/nc\/webkatalog.html<\/span><\/strong><\/span> <\/a><\/p><p>Neben Sachb\u00fcchern und Nachschlagewerken gibt es zahlreiche Kinder- und Jugendb\u00fccher, um die j\u00fcngeren Sch\u00fcler mit gen\u00fcgend \u201eLesefutter\u201c zu versorgen; f\u00fcr die \u00c4lteren steht ein belletristisches Angebot zur Verf\u00fcgung.<\/p><p><span style=\"text-decoration: underline;\"><strong>Buch und PC:<\/strong><\/span><\/p><p>F\u00fcr die Sch\u00fcler gibt es PCs, mit denen sie im Internet recherchieren oder ihre Referate und andere Arbeiten schreiben k\u00f6nnen. Daneben gibt es auch einen M\u00fcnzkopierer f\u00fcr die Sch\u00fcler. <span style=\"text-decoration: underline;\">Diese Einrichtungen wurden durch den Elternring der Schule finanziert.<\/span><\/p><p>Zu Beginn jeden Schuljahres oder bei Bedarf k\u00f6nnen nach Anmeldung f\u00fcr Schulklassen und Kurse Bibliothekseinf\u00fchrungen und Rechercheeinf\u00fchrungen durchgef\u00fchrt werden. F\u00fcr alle Sch\u00fcler steht Frau Mewes jederzeit f\u00fcr fachliche Fragen, bei Recherchen im Medienbestand der Bibliothek und auch bei der Beschaffung von B\u00fcchern aus anderen Bibliotheken zur Verf\u00fcgung. <span style=\"text-decoration: underline;\">Bei Bedarf kann f\u00fcr einzelne Kurse auch ein Handapparat eingerichtet werden.<\/span><\/p><p>Durch die sch\u00fclergerechten \u00d6ffnungszeiten gibt es die M\u00f6glichkeit, Freizeit und Freistunden in der Bibliothek mit Hausaufgaben, Lernen oder einfach mit Erholung zu verbringen.<\/p><p><strong>In der Schulbibliothek k\u00f6nnen neue LeG-Karten erstellt werden.<\/strong><\/p><p><strong>Fachauskunft: <\/strong>Madeleine Mewes, Tel. 0581\/9764806,<\/p><p>E-Mail: <a href=\"mailto:bibliothek@leg-uelzen.de\"><span style=\"color: #0000ff;\"><span style=\"text-decoration: underline;\">bibliothek@leg-uelzen.de<\/span><\/span><\/a><\/p><p><a href=\"https:\/\/www.leg-uelzen.de\/wp-content\/uploads\/2026\/03\/6.Benutzungsordnung_Schulbibliothek.pdf\" target=\"_blank\" rel=\"noopener\">Benutzungsordnung der Schulbibliothek<\/a><br \/><a href=\"https:\/\/www.leg-uelzen.de\/wp-content\/uploads\/2026\/03\/7.Gebuehrenordung_Schulbibliothek_1Ex.pdf\" target=\"_blank\" rel=\"noopener\">Geb\u00fchrenordnung der Schulbibliothek<\/a><\/p>\t\t\t\t\t\t\t\t<\/div>\n\t\t\t\t<\/div>\n\t\t\t\t\t<\/div>\n\t\t<\/div>\n\t\t\t\t\t<\/div>\n\t\t<\/section>\n\t\t\t\t<\/div>\n\t\t","protected":false},"excerpt":{"rendered":"<p>Schulbibliothek im Lessing-Gymnasium Die Schulbibliothek des Lessing-Gymnasiums liegt zentral im Erdgeschoss (R\u00e4ume E 04 bis E 07). \u00d6ffnungszeiten: Montag, Dienstag und Freitag \u00a07.30 \u2013 13.30 Uhr; Mittwoch und Donnerstag 8.00&hellip;<\/p>\n","protected":false},"author":1,"featured_media":0,"parent":0,"menu_order":0,"comment_status":"closed","ping_status":"closed","template":"","meta":{"footnotes":""},"class_list":["post-4087","page","type-page","status-publish","hentry"],"_links":{"self":[{"href":"https:\/\/www.leg-uelzen.de\/index.php?rest_route=\/wp\/v2\/pages\/4087","targetHints":{"allow":["GET"]}}],"collection":[{"href":"https:\/\/www.leg-uelzen.de\/index.php?rest_route=\/wp\/v2\/pages"}],"about":[{"href":"https:\/\/www.leg-uelzen.de\/index.php?rest_route=\/wp\/v2\/types\/page"}],"author":[{"embeddable":true,"href":"https:\/\/www.leg-uelzen.de\/index.php?rest_route=\/wp\/v2\/users\/1"}],"replies":[{"embeddable":true,"href":"https:\/\/www.leg-uelzen.de\/index.php?rest_route=%2Fwp%2Fv2%2Fcomments&post=4087"}],"version-history":[{"count":23,"href":"https:\/\/www.leg-uelzen.de\/index.php?rest_route=\/wp\/v2\/pages\/4087\/revisions"}],"predecessor-version":[{"id":6555,"href":"https:\/\/www.leg-uelzen.de\/index.php?rest_route=\/wp\/v2\/pages\/4087\/revisions\/6555"}],"wp:attachment":[{"href":"https:\/\/www.leg-uelzen.de\/index.php?rest_route=%2Fwp%2Fv2%2Fmedia&parent=4087"}],"curies":[{"name":"wp","href":"https:\/\/api.w.org\/{rel}","templated":true}]}}