{"id":996,"date":"2020-09-25T08:47:27","date_gmt":"2020-09-25T06:47:27","guid":{"rendered":"https:\/\/www.leg-uelzen.de\/digi\/gruppe4\/?page_id=996"},"modified":"2023-12-17T11:07:48","modified_gmt":"2023-12-17T10:07:48","slug":"datenschutz-am-leg","status":"publish","type":"page","link":"https:\/\/www.leg-uelzen.de\/?page_id=996","title":{"rendered":"Datenschutz am LeG"},"content":{"rendered":"<figure>\n\t\t\t\t\t\t\t\t\t\t<img decoding=\"async\" src=\"https:\/\/www.leg-uelzen.de\/wp-content\/uploads\/elementor\/thumbs\/7093a9e3937c5d6be29e2e957052d21a_400x400-ogpjwi494ohs452s7hho6iibrbp06lsdtoyhsiqv78.png\" title=\"leglogo\" alt=\"leglogo\"><figcaption>Datenschutz am LeG<\/figcaption><\/figure>\n<p>Liebe Eltern, Sch\u00fcler*Innen, Lehrer*Innen und Mitarbeiter*Innen des Lessing-Gymnasiums Uelzens,<\/p>\n<p>mit der zunehmenden Digitalisierung an Schulen muss auch dem Datenschutz eine angemessene Rolle beigemessen werden. Es gilt,&nbsp;so wenige Daten wie m\u00f6glich zu sammeln, wobei aber eine effektive Verwaltung von Schule zur Erf\u00fcllung des Bildungsauftrages gew\u00e4hrleistet sein muss. Dar\u00fcber hinaus muss transparent sein, wer wann und wo welche Daten zu welchem Zweck erhebt, speichert , verarbeitet und wie weiterleitet. Die \u00dcberwachung der rechtm\u00e4\u00dfigen Datenerhebung, Datenspeicherung und der Datenstr\u00f6me ist Aufgabe des Datenschutzes.<\/p>\n<p>Nach <a href=\"http:\/\/www.nds-voris.de\/jportal\/portal\/t\/hy2\/page\/bsvorisprod.psml\/action\/portlets.jw.MainAction?p1=1q&amp;eventSubmit_doNavigate=searchInSubtreeTOC&amp;showdoccase=1&amp;doc.hl=0&amp;doc.id=jlr-DSGND2018pP50&amp;doc.part=S&amp;toc.poskey=#focuspoint\">\u00a7 50 NDSG<\/a> hat die Schule als datenverarbeitende \u00f6ffentliche Stelle die Betroffenen zu informieren<\/p>\n<ul>\n<li>\u00fcber&nbsp;die Zwecke, f\u00fcr die &nbsp;personenbezogene Daten im Rahmen ihrer Aufgabenerf\u00fcllung verarbeitet werden,<\/li>\n<li>das Recht der Betroffenen auf Auskunft, Berichtigung, L\u00f6schung oder Einschr\u00e4nkung der Bearbeitung.<\/li>\n<\/ul>\n<p>Betroffene, die sich in ihrem Recht auf&nbsp;informationelle Selbstbestimmung verletzt f\u00fchlen, k\u00f6nnen sich mit ihrem Begehren unmittelbar an den beh\u00f6rdliche Datenschutzbeauftragten (behDSB) des&nbsp;Lessing-Gymnasiums wenden Der behDSB nimmt insoweit in der Schule eine datenschutzrechtliche Ombudsfunktion ein. Nicht nur Eltern, Sch\u00fclerinnen und Sch\u00fcler, Lehrkr\u00e4fte und sonstige Besch\u00e4ftigte der Schule, sondern alle Personen, die sich in ihrem Recht auf informationelle Selbstbestimmung betroffen f\u00fchlen, k\u00f6nnen sich jederzeit an den behDSB wenden. Zur Wahrung der Vertraulichkeit ist durch organisatorische Ma\u00dfnahmen sichergestellt, dass diese Eingaben der oder dem behDSB unmittelbar.<\/p>\n<dl><\/dl>\n<p><strong>F\u00fcr alle weiteren Informationen &nbsp;w\u00e4hlen Sie bitte unter dem Men\u00fcpunkt <em>Datenschutz am LeG&nbsp;<\/em>die f\u00fcr Sie passende Unterseite aus.<\/strong><\/p>\n<p>Sie k\u00f6nnen den behDSB des Lessing-Gymnasiums unmittelbar unter der folgenden Kontaktadresse erreichen:<\/p>\n<p><a title=\"Datenschutz@leg-uelzen.de\" target=\"_blank\" rel=\"noopener\">datenschutz@leg-uelzen.de&nbsp;<\/a><\/p>\n<p>Mit freundlichen Gr\u00fc\u00dfen<\/p>\n<p>Klaus Burger (behDSB des Lessing-Gymnasiums)<\/p>\n","protected":false},"excerpt":{"rendered":"<p>Datenschutz am LeG Liebe Eltern, Sch\u00fcler*Innen, Lehrer*Innen und Mitarbeiter*Innen des Lessing-Gymnasiums Uelzens, mit der zunehmenden Digitalisierung an Schulen muss auch dem Datenschutz eine angemessene Rolle beigemessen werden. Es gilt,&nbsp;so wenige&hellip;<\/p>\n","protected":false},"author":11,"featured_media":0,"parent":0,"menu_order":0,"comment_status":"closed","ping_status":"closed","template":"","meta":{"footnotes":""},"class_list":["post-996","page","type-page","status-publish","hentry"],"_links":{"self":[{"href":"https:\/\/www.leg-uelzen.de\/index.php?rest_route=\/wp\/v2\/pages\/996","targetHints":{"allow":["GET"]}}],"collection":[{"href":"https:\/\/www.leg-uelzen.de\/index.php?rest_route=\/wp\/v2\/pages"}],"about":[{"href":"https:\/\/www.leg-uelzen.de\/index.php?rest_route=\/wp\/v2\/types\/page"}],"author":[{"embeddable":true,"href":"https:\/\/www.leg-uelzen.de\/index.php?rest_route=\/wp\/v2\/users\/11"}],"replies":[{"embeddable":true,"href":"https:\/\/www.leg-uelzen.de\/index.php?rest_route=%2Fwp%2Fv2%2Fcomments&post=996"}],"version-history":[{"count":16,"href":"https:\/\/www.leg-uelzen.de\/index.php?rest_route=\/wp\/v2\/pages\/996\/revisions"}],"predecessor-version":[{"id":2327,"href":"https:\/\/www.leg-uelzen.de\/index.php?rest_route=\/wp\/v2\/pages\/996\/revisions\/2327"}],"wp:attachment":[{"href":"https:\/\/www.leg-uelzen.de\/index.php?rest_route=%2Fwp%2Fv2%2Fmedia&parent=996"}],"curies":[{"name":"wp","href":"https:\/\/api.w.org\/{rel}","templated":true}]}}

<figure>
										<img decoding="async" src="https://www.leg-uelzen.de/wp-content/uploads/elementor/thumbs/7093a9e3937c5d6be29e2e957052d21a_400x400-ogpjwi494ohs452s7hho6iibrbp06lsdtoyhsiqv78.png" title="leglogo" alt="leglogo"><figcaption>Datenschutz am LeG</figcaption></figure>
<p>Liebe Eltern, Schüler*Innen, Lehrer*Innen und Mitarbeiter*Innen des Lessing-Gymnasiums Uelzens,</p>
<p>mit der zunehmenden Digitalisierung an Schulen muss auch dem Datenschutz eine angemessene Rolle beigemessen werden. Es gilt,&nbsp;so wenige Daten wie möglich zu sammeln, wobei aber eine effektive Verwaltung von Schule zur Erfüllung des Bildungsauftrages gewährleistet sein muss. Darüber hinaus muss transparent sein, wer wann und wo welche Daten zu welchem Zweck erhebt, speichert , verarbeitet und wie weiterleitet. Die Überwachung der rechtmäßigen Datenerhebung, Datenspeicherung und der Datenströme ist Aufgabe des Datenschutzes.</p>
<p>Nach <a href="http://www.nds-voris.de/jportal/portal/t/hy2/page/bsvorisprod.psml/action/portlets.jw.MainAction?p1=1q&amp;eventSubmit_doNavigate=searchInSubtreeTOC&amp;showdoccase=1&amp;doc.hl=0&amp;doc.id=jlr-DSGND2018pP50&amp;doc.part=S&amp;toc.poskey=#focuspoint">§ 50 NDSG</a> hat die Schule als datenverarbeitende öffentliche Stelle die Betroffenen zu informieren</p>
<ul>
<li>über&nbsp;die Zwecke, für die &nbsp;personenbezogene Daten im Rahmen ihrer Aufgabenerfüllung verarbeitet werden,</li>
<li>das Recht der Betroffenen auf Auskunft, Berichtigung, Löschung oder Einschränkung der Bearbeitung.</li>
</ul>
<p>Betroffene, die sich in ihrem Recht auf&nbsp;informationelle Selbstbestimmung verletzt fühlen, können sich mit ihrem Begehren unmittelbar an den behördliche Datenschutzbeauftragten (behDSB) des&nbsp;Lessing-Gymnasiums wenden Der behDSB nimmt insoweit in der Schule eine datenschutzrechtliche Ombudsfunktion ein. Nicht nur Eltern, Schülerinnen und Schüler, Lehrkräfte und sonstige Beschäftigte der Schule, sondern alle Personen, die sich in ihrem Recht auf informationelle Selbstbestimmung betroffen fühlen, können sich jederzeit an den behDSB wenden. Zur Wahrung der Vertraulichkeit ist durch organisatorische Maßnahmen sichergestellt, dass diese Eingaben der oder dem behDSB unmittelbar.</p>
<dl></dl>
<p><strong>Für alle weiteren Informationen &nbsp;wählen Sie bitte unter dem Menüpunkt <em>Datenschutz am LeG&nbsp;</em>die für Sie passende Unterseite aus.</strong></p>
<p>Sie können den behDSB des Lessing-Gymnasiums unmittelbar unter der folgenden Kontaktadresse erreichen:</p>
<p><a title="Datenschutz@leg-uelzen.de" target="_blank" rel="noopener">datenschutz@leg-uelzen.de&nbsp;</a></p>
<p>Mit freundlichen Grüßen</p>
<p>Klaus Burger (behDSB des Lessing-Gymnasiums)</p>

<p>Datenschutz am LeG Liebe Eltern, Schüler*Innen, Lehrer*Innen und Mitarbeiter*Innen des Lessing-Gymnasiums Uelzens, mit der zunehmenden Digitalisierung an Schulen muss auch dem Datenschutz eine angemessene Rolle beigemessen werden. Es gilt,&nbsp;so wenige&hellip;</p>
